3 + 4*u**2 + 4*u - 439. What are the prime factors of b(i)?
2, 5
Suppose -4*v = -6*g + 5*g + 121, -5*g + 4*v = -685. Suppose 4*w = -5*r + 138, -r - 17 - g = -5*w. List the prime factors of w.
2
Suppose -36*c + 41*c - 1540 = 0. Let f = c + -150. List the prime factors of f.
2, 79
Let v(k) = 5*k**2 + 7*k + 9. Let u be v(7). Suppose 4*d - d = u. What are the prime factors of d?
101
Let i = -2863 - -5154. What are the prime factors of i?
29, 79
What are the prime factors of ((-425)/10)/(1/(-2))?
5, 17
Let p(k) = -4*k + 2. Let t = -7 + 5. Let y be p(t). What are the prime factors of -1 - (0 - (1 + y))?
2, 5
Suppose -4*l + 3 = -77. Suppose 0 = -4*w - l, -3*u - w - 4 = -80. What are the prime factors of u?
3
Suppose 0 = -4*z - 4*g - g + 369, -12 = 4*g. Suppose 7*d - z = 4*d. What are the prime factors of d?
2
Let l(w) = 26 - 2*w + 3*w**2 + 2*w**2 - 4*w**2 + 15. What are the prime factors of l(0)?
41
Suppose 0 = 2*w - 2, 2*f = -f + 3*w + 4092. List the prime factors of f.
3, 5, 7, 13
Let l(u) = 4*u + 2. Let x be l(0). Suppose -5*y - 4*a + 523 = -175, -x*a + 280 = 2*y. List the prime factors of y.
2, 3, 23
Let i(x) = 22*x - 576. What are the prime factors of i(48)?
2, 3, 5
Let k be (18/(-9))/((-4)/6). Suppose -6 - 15 = -k*r. Let p(z) = 3*z. List the prime factors of p(r).
3, 7
Let v = -14 + 13. Let m be (5 - 6) + 4 + v. List the prime factors of 1/m + 319/22.
3, 5
Let a(z) be the second derivative of 23*z**3/3 + z**2 + 10*z. What are the prime factors of a(2)?
2, 47
Let j = 7 + -7. Let q be 2 + j + (11 - 5). Let r = 34 - q. What are the prime factors of r?
2, 13
Suppose -575*r + 565*r = -22170. List the prime factors of r.
3, 739
Suppose 3*w = -5*i - 2 + 8, -3*i - 4*w = -8. List the prime factors of ((-5)/20)/(1/(-8) - i).
2
Suppose -108*v + 1869 = -101*v. What are the prime factors of v?
3, 89
Let p be 1/((4/(-158))/(-2)). Let d = -42 + p. List the prime factors of d.
37
Let o(c) = 148*c - 286. What are the prime factors of o(18)?
2, 29, 41
List the prime factors of -3 - 3 - 0 - -2771.
5, 7, 79
Let l(f) = 2*f**3 - 7*f**2 - 14*f + 10. What are the prime factors of l(8)?
2, 3, 79
List the prime factors of (-7)/5 + (-4608)/(-20).
229
Let r(g) be the second derivative of -g**6/720 + 7*g**5/60 - g**4/6 - 5*g. Let m(u) be the third derivative of r(u). What are the prime factors of m(0)?
2, 7
Suppose 18*l = 21*l - 10422. What are the prime factors of l?
2, 3, 193
Suppose 0 = 4*y - 6*y + 248. Suppose 47*o = 49*o - y. List the prime factors of o.
2, 31
Suppose 2*x - f = 800 + 1055, 0 = -4*x + 4*f + 3716. List the prime factors of x.
2, 463
Suppose -38 - 39 = -t. Suppose -4*v + t = d, -5*d - v = -0*d - 366. List the prime factors of d.
73
Let s(k) = 2*k + 5. Let x(v) = v + 1. Let f(l) = -s(l) + x(l). List the prime factors of f(-6).
2
Let l be 0/1 + (12 - -15). Suppose -7 = 2*d - l. What are the prime factors of d?
2, 5
Let w(b) be the second derivative of b**3/6 + 59*b**2/2 + 8*b. List the prime factors of w(0).
59
What are the prime factors of (408/(-340))/((-2)/1140)?
2, 3, 19
Let l(k) = 4*k + 4. Let b(y) = -y + 1. Let n(s) = -6*b(s) - l(s). Let x be n(7). Suppose -x*v + 4 = -4. List the prime factors of v.
2
Let l(v) = 45*v**3 - v**2 - v - 7. What are the prime factors of l(3)?
2, 13, 23
Suppose -2*r = 3*j + r - 834, -1390 = -5*j + 3*r. Suppose -j = -5*i + 37. List the prime factors of i.
3, 7
Let f(h) = h**2 - 3*h + 9. Let l be f(8). Suppose 0 = 5*j + d - 98 - l, 0 = 5*d + 15. Suppose 0 = 3*g - v - j, 0*g + v - 47 = -4*g. List the prime factors of g.
11
Suppose 3*y - 5 = 4. Suppose -y*m + 76 = -134. List the prime factors of m.
2, 5, 7
Let r = -17 + 25. Let b = 13 - r. Suppose b*v = 2*t, -5*t + 8*t = -v + 17. What are the prime factors of v?
2
Let j(f) = 9 - 4 - 2 + 3*f + 9. Let b be 2/(-8) + (-63)/(-12). List the prime factors of j(b).
3
Let c(i) = 21*i**2 + 5*i - 3. Suppose 0*a + 15 = 3*a. Let j(k) = -32*k**2 - 8*k + 5. Let t(f) = a*j(f) + 8*c(f). List the prime factors of t(-1).
3
List the prime factors of -1*(49405/(-15) + (-8)/(-12)).
37, 89
Let s be 53/(10/(-4) + 2). Suppose 11*h - 40 = -9*h. List the prime factors of (-2)/(2/s*h).
53
Suppose -2*p = -x + 4 - 6, 3*x - 1 = -p. Suppose x = -18*m + 1880 - 494. What are the prime factors of m?
7, 11
Let n be 1/(1/4) - -119. Suppose 5*s + 0*x - 130 = -5*x, -5*s + n = -2*x. Let b = 48 - s. What are the prime factors of b?
23
Let b = 1190 + -409. List the prime factors of b.
11, 71
Let f be 1 + 502/(-4)*(2 + -4). Suppose -4*a = 3*q + a - f, -a = -5*q + 392. What are the prime factors of q?
79
Let v = 361 - 113. List the prime factors of v.
2, 31
Let s(c) = -c**3 - 11*c**2 + 15*c + 6. Let b be 1/5 + 244/(-20). Let t be s(b). Let g = t + 57. List the prime factors of g.
3
Suppose -35*g + 91531 = 18*g. What are the prime factors of g?
11, 157
Let s be 1*(30 + (-4)/(-4)). Let l = -18 + s. Suppose -5*b + 84 = -2*d, 0 = -4*b - 5*d + l + 41. List the prime factors of b.
2
Let a = 112 - 102. Suppose -a*z = -5*z - 260. What are the prime factors of z?
2, 13
Suppose 3*y = -5*z + 170, 4*y - 4*z = -z + 275. Suppose 6*c + 133 = -y. What are the prime factors of (1430/c)/(4/(-6))?
5, 13
Let a(t) be the third derivative of t**4/3 - 5*t**3 + 2*t**2. List the prime factors of a(15).
2, 3, 5
Let j(v) = 0*v - 1 + 2 - 2*v + 2. Let l be j(3). Let p = l + 28. List the prime factors of p.
5
Let j be 3 + (3 - 2) + -3. Suppose j + 11 = 3*z. Let p(c) = c**3 - 3*c**2 + c + 3. What are the prime factors of p(z)?
23
Let p(t) = -5*t**2 - t + 30. Let i(u) = 2*u**2 - 10. Let h(c) = 8*i(c) + 3*p(c). List the prime factors of h(-4).
2, 19
Let k = 160 + 276. List the prime factors of k.
2, 109
List the prime factors of ((-30)/8)/(-5)*716.
3, 179
Suppose 39*v + 3760 = 55*v. List the prime factors of v.
5, 47
List the prime factors of (-8)/16*(2 - 332)*5.
3, 5, 11
Let z = 872 + -172. Suppose -4*u = u - z. List the prime factors of u.
2, 5, 7
Suppose -77 = -17*t + 8. Suppose -t*f + 523 = -397. List the prime factors of f.
2, 23
Suppose 0 = z - 4*f - 15, z - 24 = -z + 2*f. Suppose 0 = 5*k - 579 - z. List the prime factors of k.
2, 59
Let v be (-8)/(5/(-10) - (-1)/4). Suppose -v = -m + 21. List the prime factors of m.
53
Let v = -6 - 13. Let t = v + 47. Suppose 0 = r - 3*r + t. List the prime factors of r.
2, 7
Suppose -251 = -4*j + 365. What are the prime factors of j?
2, 7, 11
Let v be 5/2*(-1090)/(-25). Let w = -44 + v. What are the prime factors of w?
5, 13
List the prime factors of 3208/7 - -8 - 2/7.
2, 233
Let d = -46 - -37. Let n = 19 - d. List the prime factors of n.
2, 7
Suppose 0*p = -3*p + 3, 56 = -5*b - 4*p. Let t = -9 - b. What are the prime factors of t*1/(-3)*-4?
2
Suppose -3984 = -2*q - 10*q. List the prime factors of q.
2, 83
List the prime factors of (-4)/14 + 80170/70.
5, 229
Let j = 1554 - -128. What are the prime factors of j?
2, 29
List the prime factors of 14/56*(9033 + -1).
2, 1129
Suppose 4*z = -z + 10. Suppose 240 = -z*j + 6*j. Suppose 4*o = -o + j. What are the prime factors of o?
2, 3
Let d(h) = h - 16. Let t be d(9). Let u(v) = v**2 + 5*v - 10. Let a be u(t). Suppose -2*p + 38 = 4*o, -o = -a*o - 4*p + 41. List the prime factors of o.
7
Let d = -200 - -298. What are the prime factors of d?
2, 7
Let h be (-1)/2*(2 + -12). Suppose -3*q = h*t - 437, -3*t - 6*q + 3*q + 261 = 0. List the prime factors of t.
2, 11
Let l(d) = -5*d**3 + d**2 - 9*d - 11. List the prime factors of l(-2).
3, 17
Suppose -o + 1 = 0, -2*o + 5*o = a - 1. Let p be a/(4 - (0 - -2)). Suppose -p*b = 10, 8 = -m - b + 41. List the prime factors of m.
2, 19
Let f = -82 + 142. Suppose -s = 2*z + 2*s + 1, 2*z - 2*s - 4 = 0. List the prime factors of (f + z)*(-19 - -20).
61
Let j be (7 + -5)/((-2)/(-3)). Let u be 3 + j/((-9)/(-6)). Suppose 54 = u*r - 3*y - 20, -y = -5*r + 78. List the prime factors of r.
2
Let c(f) = f**2 - 14*f - 10. What are the prime factors of c(-13)?
11, 31
Let y = 392 - -22. List the prime factors of y.
2, 3, 23
Suppose 2*j - 4*j - 6 = -4*h, 2*h - 4*j = 0. Suppose h*f + 2*f = 48. List the prime factors of 286/10 - f/(-30).
29
Suppose -5*u + 225 = -0*u. Suppose -4*m + u = m. List the prime factors of ((-2)/3)/((-2)/m).
3
Let y(o) = -9*o. Let d be y(2). Let h be (-48)/d*3/2. Let c(s) = s**3 - 2*s**2 - 3*s + 5. List the prime factors of